{"id":671,"date":"2023-04-21T08:44:44","date_gmt":"2023-04-21T08:44:44","guid":{"rendered":"https:\/\/sites.exeter.ac.uk\/changes\/?page_id=671"},"modified":"2023-10-12T08:58:39","modified_gmt":"2023-10-12T08:58:39","slug":"about-changes","status":"publish","type":"page","link":"https:\/\/sites.exeter.ac.uk\/changes\/","title":{"rendered":"About CHANGES"},"content":{"rendered":"\n<p class=\"has-light-green-cyan-background-color has-background has-medium-font-size\">The<strong> CHANGES <\/strong>project focusses on studying <strong>trends over time in children and young people\u2019s mental health and understanding population need for services and support<\/strong>.<\/p>\n\n\n\n<h2 class=\"wp-block-heading\">What are the aims?<\/h2>\n\n\n\n<p><strong><em>CHANGES aims to contribute to better child and adolescent mental health by informing efforts to improve access to the right services at the right time<\/em><\/strong>. Our research aims to answer four main questions about children and young people\u2019s mental health in England:<\/p>\n\n\n\n<ol type=\"1\">\n<li>Has there been a \u2018real terms\u2019 increase in children and young people with mental health problems and have any groups been particularly affected? What factors might be driving any increase?<\/li>\n\n\n\n<li>Have there been changes in the ways that mental health problems affect children and young people? (e.g., in the impact on them or their families)<\/li>\n\n\n\n<li>What is the current level of \u2018unmet need\u2019 for support and services in children and young people with mental health problems, and are there groups that are likely to be particularly under-served?<\/li>\n\n\n\n<li>How can commissioners and service providers be better supported in planning current and future services to prevent and address child and adolescent mental health problems, and what data do they need about their populations?<\/li>\n<\/ol>\n\n\n\n<hr class=\"wp-block-separator has-alpha-channel-opacity is-style-default\" \/>\n\n\n\n<h2 class=\"wp-block-heading\">What does CHANGES involve?<\/h2>\n\n\n\n<p>The CHANGES project has three phases:<\/p>\n\n\n\n<div class=\"wp-block-columns is-layout-flex wp-container-core-columns-is-layout-1 wp-block-columns-is-layout-flex\">\n<div class=\"wp-block-column is-layout-flow wp-block-column-is-layout-flow\">\n<h3 class=\"has-text-align-center wp-block-heading\">Phase 1<\/h3>\n\n\n\n<figure class=\"wp-block-image size-large is-style-rounded\"><img loading=\"lazy\" decoding=\"async\" width=\"1024\" height=\"819\" src=\"https:\/\/sites.exeter.ac.uk\/changes\/wp-content\/uploads\/sites\/163\/2023\/04\/bar-chat-1024x819.jpg\" alt=\"\" class=\"wp-image-497\" srcset=\"https:\/\/sites.exeter.ac.uk\/changes\/wp-content\/uploads\/sites\/163\/2023\/04\/bar-chat-1024x819.jpg 1024w, https:\/\/sites.exeter.ac.uk\/changes\/wp-content\/uploads\/sites\/163\/2023\/04\/bar-chat-300x240.jpg 300w, https:\/\/sites.exeter.ac.uk\/changes\/wp-content\/uploads\/sites\/163\/2023\/04\/bar-chat-768x614.jpg 768w, https:\/\/sites.exeter.ac.uk\/changes\/wp-content\/uploads\/sites\/163\/2023\/04\/bar-chat.jpg 1200w\" sizes=\"(max-width: 1024px) 100vw, 1024px\" \/><\/figure>\n\n\n\n<p class=\"has-text-align-center\">Studying trends over time and the impact of the Covid-19 pandemic on children and young people\u2019s mental health, using data from the national child mental health surveys (the British Child and Adolescent Mental Health Surveys, and the <a href=\"https:\/\/digital.nhs.uk\/data-and-information\/publications\/statistical\/mental-health-of-children-and-young-people-in-england\">Mental Health of Children and Young People in England survey series<\/a>).<\/p>\n<\/div>\n\n\n\n<div class=\"wp-block-column is-layout-flow wp-block-column-is-layout-flow\">\n<h3 class=\"has-text-align-center wp-block-heading\">Phase 2<\/h3>\n\n\n\n<figure class=\"wp-block-image size-large is-style-rounded\"><img loading=\"lazy\" decoding=\"async\" width=\"1024\" height=\"821\" src=\"https:\/\/sites.exeter.ac.uk\/changes\/wp-content\/uploads\/sites\/163\/2023\/04\/children-1024x821.jpg\" alt=\"\" class=\"wp-image-499\" srcset=\"https:\/\/sites.exeter.ac.uk\/changes\/wp-content\/uploads\/sites\/163\/2023\/04\/children-1024x821.jpg 1024w, https:\/\/sites.exeter.ac.uk\/changes\/wp-content\/uploads\/sites\/163\/2023\/04\/children-300x240.jpg 300w, https:\/\/sites.exeter.ac.uk\/changes\/wp-content\/uploads\/sites\/163\/2023\/04\/children-768x615.jpg 768w, https:\/\/sites.exeter.ac.uk\/changes\/wp-content\/uploads\/sites\/163\/2023\/04\/children.jpg 1198w\" sizes=\"(max-width: 1024px) 100vw, 1024px\" \/><\/figure>\n\n\n\n<p class=\"has-text-align-center\">Examining mental health-related contact with support and services, and experiences of seeking help during the pandemic, using qualitative interview data and quantitative data from the national child mental health surveys.<\/p>\n<\/div>\n\n\n\n<div class=\"wp-block-column is-layout-flow wp-block-column-is-layout-flow\">\n<h3 class=\"has-text-align-center wp-block-heading\">Phase 3<\/h3>\n\n\n\n<figure class=\"wp-block-image size-large is-style-rounded\"><img loading=\"lazy\" decoding=\"async\" width=\"1024\" height=\"819\" src=\"https:\/\/sites.exeter.ac.uk\/changes\/wp-content\/uploads\/sites\/163\/2023\/04\/speech-bubble-1024x819.jpg\" alt=\"\" class=\"wp-image-501\" srcset=\"https:\/\/sites.exeter.ac.uk\/changes\/wp-content\/uploads\/sites\/163\/2023\/04\/speech-bubble-1024x819.jpg 1024w, https:\/\/sites.exeter.ac.uk\/changes\/wp-content\/uploads\/sites\/163\/2023\/04\/speech-bubble-300x240.jpg 300w, https:\/\/sites.exeter.ac.uk\/changes\/wp-content\/uploads\/sites\/163\/2023\/04\/speech-bubble-768x614.jpg 768w, https:\/\/sites.exeter.ac.uk\/changes\/wp-content\/uploads\/sites\/163\/2023\/04\/speech-bubble.jpg 1200w\" sizes=\"(max-width: 1024px) 100vw, 1024px\" \/><\/figure>\n\n\n\n<p class=\"has-text-align-center\">Understanding commissioners\u2019 experiences of commissioning services for child and adolescent mental health, using qualitative interviews. This phase will also include workshops to identify ways in which we can improve research and resources to better support commissioners.<\/p>\n<\/div>\n<\/div>\n\n\n\n<hr class=\"wp-block-separator has-alpha-channel-opacity is-style-default\" \/>\n\n\n\n<h2 class=\"wp-block-heading\">Who is CHANGES funded by?<\/h2>\n\n\n\n<div class=\"wp-block-columns is-layout-flex wp-container-core-columns-is-layout-2 wp-block-columns-is-layout-flex\">\n<div class=\"wp-block-column is-layout-flow wp-block-column-is-layout-flow\">\n<p>The CHANGES project is funded by an NIHR Advanced Fellowship held by Dr Tamsin Newlove-Delgado and includes a team of researchers and collaborators (see <a href=\"https:\/\/sites.exeter.ac.uk\/changes\/?page_id=209\">Our Team<\/a> and <a href=\"https:\/\/sites.exeter.ac.uk\/changes\/collaborators\/\">Collaborators<\/a>). The views expressed are those of the author(s) and not necessarily those of the NIHR or the Department of Health and Social Care.<\/p>\n<\/div>\n\n\n\n<div class=\"wp-block-column is-layout-flow wp-block-column-is-layout-flow\">\n<figure class=\"wp-block-image size-large\"><img loading=\"lazy\" decoding=\"async\" width=\"1024\" height=\"183\" src=\"https:\/\/sites.exeter.ac.uk\/changes\/wp-content\/uploads\/sites\/163\/2023\/04\/nihr-logos-funded-01-col-corp-1-1024x183.png\" alt=\"\" class=\"wp-image-513\" srcset=\"https:\/\/sites.exeter.ac.uk\/changes\/wp-content\/uploads\/sites\/163\/2023\/04\/nihr-logos-funded-01-col-corp-1-1024x183.png 1024w, https:\/\/sites.exeter.ac.uk\/changes\/wp-content\/uploads\/sites\/163\/2023\/04\/nihr-logos-funded-01-col-corp-1-300x54.png 300w, https:\/\/sites.exeter.ac.uk\/changes\/wp-content\/uploads\/sites\/163\/2023\/04\/nihr-logos-funded-01-col-corp-1-768x137.png 768w, https:\/\/sites.exeter.ac.uk\/changes\/wp-content\/uploads\/sites\/163\/2023\/04\/nihr-logos-funded-01-col-corp-1-1536x275.png 1536w, https:\/\/sites.exeter.ac.uk\/changes\/wp-content\/uploads\/sites\/163\/2023\/04\/nihr-logos-funded-01-col-corp-1.png 1900w\" sizes=\"(max-width: 1024px) 100vw, 1024px\" \/><\/figure>\n<\/div>\n<\/div>\n\n\n\n<div style=\"height:100px\" aria-hidden=\"true\" class=\"wp-block-spacer\"><\/div>\n\n\n\n<p class=\"has-small-font-size\">Photo 1 by <a href=\"https:\/\/www.pexels.com\/photo\/little-girls-lying-on-green-grass-field-4982457\/\"><\/a><a href=\"https:\/\/unsplash.com\/@chrislawton?utm_source=unsplash&amp;utm_medium=referral&amp;utm_content=creditCopyText\">Chris Lawton<\/a>; Photo 2 by <a href=\"https:\/\/unsplash.com\/@lxrcbsv?utm_source=unsplash&amp;utm_medium=referral&amp;utm_content=creditCopyText\">\u0410\u043b\u0435\u043a\u0441 \u0410\u0440\u0446\u0438\u0431\u0430\u0448\u0435\u0432<\/a>; Photo 3 by <a href=\"https:\/\/unsplash.com\/@nate_dumlao?utm_source=unsplash&amp;utm_medium=referral&amp;utm_content=creditCopyText\">Nathan Dumlao<\/a>; Photo 4 by&nbsp;<a rel=\"noreferrer noopener\" href=\"https:\/\/www.pexels.com\/photo\/pink-background-with-speech-bubble-1111369\/\" target=\"_blank\">Miguel \u00c1. Padri\u00f1\u00e1n<\/a><\/p>\n","protected":false},"excerpt":{"rendered":"<p>The CHANGES project focusses on studying trends over time in children and young people\u2019s mental health and understanding population need for services and support. What are the aims? CHANGES aims to contribute to better child and adolescent mental health by informing efforts to improve access to the right services at the right time. Our research [&hellip;]<\/p>\n","protected":false},"author":481,"featured_media":591,"parent":0,"menu_order":0,"comment_status":"closed","ping_status":"open","template":"page-sidebar-boxed-feature-img.php","meta":{"_acf_changed":false,"footnotes":""},"categories":[],"tags":[],"acf":[],"yoast_head":"<!-- This site is optimized with the Yoast SEO plugin v23.0 - https:\/\/yoast.com\/wordpress\/plugins\/seo\/ -->\n<title>About CHANGES - CHANGES<\/title>\n<meta name=\"robots\" content=\"index, follow, max-snippet:-1, max-image-preview:large, max-video-preview:-1\" \/>\n<link rel=\"canonical\" href=\"https:\/\/sites.exeter.ac.uk\/changes\/\" \/>\n<meta property=\"og:locale\" content=\"en_US\" \/>\n<meta property=\"og:type\" content=\"article\" \/>\n<meta property=\"og:title\" content=\"About CHANGES - CHANGES\" \/>\n<meta property=\"og:description\" content=\"The CHANGES project focusses on studying trends over time in children and young people\u2019s mental health and understanding population need for services and support. What are the aims? CHANGES aims to contribute to better child and adolescent mental health by informing efforts to improve access to the right services at the right time. Our research [&hellip;]\" \/>\n<meta property=\"og:url\" content=\"https:\/\/sites.exeter.ac.uk\/changes\/\" \/>\n<meta property=\"og:site_name\" content=\"CHANGES\" \/>\n<meta property=\"article:modified_time\" content=\"2023-10-12T08:58:39+00:00\" \/>\n<meta property=\"og:image\" content=\"https:\/\/sites.exeter.ac.uk\/changes\/wp-content\/uploads\/sites\/163\/2023\/04\/chris-lawton-5IHz5WhosQE-unsplash.jpg\" \/>\n\t<meta property=\"og:image:width\" content=\"1200\" \/>\n\t<meta property=\"og:image:height\" content=\"800\" \/>\n\t<meta property=\"og:image:type\" content=\"image\/jpeg\" \/>\n<meta name=\"twitter:card\" content=\"summary_large_image\" \/>\n<meta name=\"twitter:label1\" content=\"Est. reading time\" \/>\n\t<meta name=\"twitter:data1\" content=\"2 minutes\" \/>\n<script type=\"application\/ld+json\" class=\"yoast-schema-graph\">{\"@context\":\"https:\/\/schema.org\",\"@graph\":[{\"@type\":\"WebPage\",\"@id\":\"https:\/\/sites.exeter.ac.uk\/changes\/\",\"url\":\"https:\/\/sites.exeter.ac.uk\/changes\/\",\"name\":\"About CHANGES - CHANGES\",\"isPartOf\":{\"@id\":\"https:\/\/sites.exeter.ac.uk\/changes\/#website\"},\"primaryImageOfPage\":{\"@id\":\"https:\/\/sites.exeter.ac.uk\/changes\/#primaryimage\"},\"image\":{\"@id\":\"https:\/\/sites.exeter.ac.uk\/changes\/#primaryimage\"},\"thumbnailUrl\":\"https:\/\/sites.exeter.ac.uk\/changes\/wp-content\/uploads\/sites\/163\/2023\/04\/chris-lawton-5IHz5WhosQE-unsplash.jpg\",\"datePublished\":\"2023-04-21T08:44:44+00:00\",\"dateModified\":\"2023-10-12T08:58:39+00:00\",\"breadcrumb\":{\"@id\":\"https:\/\/sites.exeter.ac.uk\/changes\/#breadcrumb\"},\"inLanguage\":\"en-US\",\"potentialAction\":[{\"@type\":\"ReadAction\",\"target\":[\"https:\/\/sites.exeter.ac.uk\/changes\/\"]}]},{\"@type\":\"ImageObject\",\"inLanguage\":\"en-US\",\"@id\":\"https:\/\/sites.exeter.ac.uk\/changes\/#primaryimage\",\"url\":\"https:\/\/sites.exeter.ac.uk\/changes\/wp-content\/uploads\/sites\/163\/2023\/04\/chris-lawton-5IHz5WhosQE-unsplash.jpg\",\"contentUrl\":\"https:\/\/sites.exeter.ac.uk\/changes\/wp-content\/uploads\/sites\/163\/2023\/04\/chris-lawton-5IHz5WhosQE-unsplash.jpg\",\"width\":1200,\"height\":800},{\"@type\":\"BreadcrumbList\",\"@id\":\"https:\/\/sites.exeter.ac.uk\/changes\/#breadcrumb\",\"itemListElement\":[{\"@type\":\"ListItem\",\"position\":1,\"name\":\"Home\",\"item\":\"https:\/\/sites.exeter.ac.uk\/changes\/\"},{\"@type\":\"ListItem\",\"position\":2,\"name\":\"About CHANGES\"}]},{\"@type\":\"WebSite\",\"@id\":\"https:\/\/sites.exeter.ac.uk\/changes\/#website\",\"url\":\"https:\/\/sites.exeter.ac.uk\/changes\/\",\"name\":\"CHANGES\",\"description\":\"Child and adolescent mental health: Understanding trends over time and need for services\",\"potentialAction\":[{\"@type\":\"SearchAction\",\"target\":{\"@type\":\"EntryPoint\",\"urlTemplate\":\"https:\/\/sites.exeter.ac.uk\/changes\/?s={search_term_string}\"},\"query-input\":\"required name=search_term_string\"}],\"inLanguage\":\"en-US\"}]}<\/script>\n<!-- \/ Yoast SEO plugin. -->","yoast_head_json":{"title":"About CHANGES - CHANGES","robots":{"index":"index","follow":"follow","max-snippet":"max-snippet:-1","max-image-preview":"max-image-preview:large","max-video-preview":"max-video-preview:-1"},"canonical":"https:\/\/sites.exeter.ac.uk\/changes\/","og_locale":"en_US","og_type":"article","og_title":"About CHANGES - CHANGES","og_description":"The CHANGES project focusses on studying trends over time in children and young people\u2019s mental health and understanding population need for services and support. What are the aims? CHANGES aims to contribute to better child and adolescent mental health by informing efforts to improve access to the right services at the right time. Our research [&hellip;]","og_url":"https:\/\/sites.exeter.ac.uk\/changes\/","og_site_name":"CHANGES","article_modified_time":"2023-10-12T08:58:39+00:00","og_image":[{"width":1200,"height":800,"url":"https:\/\/sites.exeter.ac.uk\/changes\/wp-content\/uploads\/sites\/163\/2023\/04\/chris-lawton-5IHz5WhosQE-unsplash.jpg","type":"image\/jpeg"}],"twitter_card":"summary_large_image","twitter_misc":{"Est. reading time":"2 minutes"},"schema":{"@context":"https:\/\/schema.org","@graph":[{"@type":"WebPage","@id":"https:\/\/sites.exeter.ac.uk\/changes\/","url":"https:\/\/sites.exeter.ac.uk\/changes\/","name":"About CHANGES - CHANGES","isPartOf":{"@id":"https:\/\/sites.exeter.ac.uk\/changes\/#website"},"primaryImageOfPage":{"@id":"https:\/\/sites.exeter.ac.uk\/changes\/#primaryimage"},"image":{"@id":"https:\/\/sites.exeter.ac.uk\/changes\/#primaryimage"},"thumbnailUrl":"https:\/\/sites.exeter.ac.uk\/changes\/wp-content\/uploads\/sites\/163\/2023\/04\/chris-lawton-5IHz5WhosQE-unsplash.jpg","datePublished":"2023-04-21T08:44:44+00:00","dateModified":"2023-10-12T08:58:39+00:00","breadcrumb":{"@id":"https:\/\/sites.exeter.ac.uk\/changes\/#breadcrumb"},"inLanguage":"en-US","potentialAction":[{"@type":"ReadAction","target":["https:\/\/sites.exeter.ac.uk\/changes\/"]}]},{"@type":"ImageObject","inLanguage":"en-US","@id":"https:\/\/sites.exeter.ac.uk\/changes\/#primaryimage","url":"https:\/\/sites.exeter.ac.uk\/changes\/wp-content\/uploads\/sites\/163\/2023\/04\/chris-lawton-5IHz5WhosQE-unsplash.jpg","contentUrl":"https:\/\/sites.exeter.ac.uk\/changes\/wp-content\/uploads\/sites\/163\/2023\/04\/chris-lawton-5IHz5WhosQE-unsplash.jpg","width":1200,"height":800},{"@type":"BreadcrumbList","@id":"https:\/\/sites.exeter.ac.uk\/changes\/#breadcrumb","itemListElement":[{"@type":"ListItem","position":1,"name":"Home","item":"https:\/\/sites.exeter.ac.uk\/changes\/"},{"@type":"ListItem","position":2,"name":"About CHANGES"}]},{"@type":"WebSite","@id":"https:\/\/sites.exeter.ac.uk\/changes\/#website","url":"https:\/\/sites.exeter.ac.uk\/changes\/","name":"CHANGES","description":"Child and adolescent mental health: Understanding trends over time and need for services","potentialAction":[{"@type":"SearchAction","target":{"@type":"EntryPoint","urlTemplate":"https:\/\/sites.exeter.ac.uk\/changes\/?s={search_term_string}"},"query-input":"required name=search_term_string"}],"inLanguage":"en-US"}]}},"jetpack_sharing_enabled":true,"_links":{"self":[{"href":"https:\/\/sites.exeter.ac.uk\/changes\/wp-json\/wp\/v2\/pages\/671"}],"collection":[{"href":"https:\/\/sites.exeter.ac.uk\/changes\/wp-json\/wp\/v2\/pages"}],"about":[{"href":"https:\/\/sites.exeter.ac.uk\/changes\/wp-json\/wp\/v2\/types\/page"}],"author":[{"embeddable":true,"href":"https:\/\/sites.exeter.ac.uk\/changes\/wp-json\/wp\/v2\/users\/481"}],"replies":[{"embeddable":true,"href":"https:\/\/sites.exeter.ac.uk\/changes\/wp-json\/wp\/v2\/comments?post=671"}],"version-history":[{"count":2,"href":"https:\/\/sites.exeter.ac.uk\/changes\/wp-json\/wp\/v2\/pages\/671\/revisions"}],"predecessor-version":[{"id":689,"href":"https:\/\/sites.exeter.ac.uk\/changes\/wp-json\/wp\/v2\/pages\/671\/revisions\/689"}],"wp:featuredmedia":[{"embeddable":true,"href":"https:\/\/sites.exeter.ac.uk\/changes\/wp-json\/wp\/v2\/media\/591"}],"wp:attachment":[{"href":"https:\/\/sites.exeter.ac.uk\/changes\/wp-json\/wp\/v2\/media?parent=671"}],"wp:term":[{"taxonomy":"category","embeddable":true,"href":"https:\/\/sites.exeter.ac.uk\/changes\/wp-json\/wp\/v2\/categories?post=671"},{"taxonomy":"post_tag","embeddable":true,"href":"https:\/\/sites.exeter.ac.uk\/changes\/wp-json\/wp\/v2\/tags?post=671"}],"curies":[{"name":"wp","href":"https:\/\/api.w.org\/{rel}","templated":true}]}}