{"id":1391,"date":"2021-05-31T12:26:39","date_gmt":"2021-05-31T11:26:39","guid":{"rendered":"http:\/\/sites.exeter.ac.uk\/ogdensdragonsdens\/?page_id=1391"},"modified":"2021-05-31T12:26:39","modified_gmt":"2021-05-31T11:26:39","slug":"peregrinus","status":"publish","type":"page","link":"https:\/\/sites.exeter.ac.uk\/ogdens-dragonsdens\/the-hagiographical-dragon\/saints-n-p\/peregrinus\/","title":{"rendered":"Peregrinus"},"content":{"rendered":"<table>\n<tbody>\n<tr>\n<td width=\"215\"><strong>Saint and Dragon<\/strong><\/td>\n<td width=\"101\"><strong>Date of Text<\/strong><\/td>\n<td><strong>Citation<\/strong><\/td>\n<td><strong>Text\/edition<\/strong><\/td>\n<td><strong>Language<\/strong><\/td>\n<td><strong>Translation<\/strong><\/td>\n<\/tr>\n<tr>\n<td width=\"215\">Peregrinus and the Dragon of Caltabellotta<\/td>\n<td width=\"101\">xvi AD or before<\/td>\n<td><em>Vita S. Peregrini<\/em>, pp.1153-4 <em>AASS<\/em><\/td>\n<td><em>AASS<\/em> Jan. ii pp.1153-4; <em>BHL<\/em> no. 6626<\/td>\n<td>Latin<\/td>\n<td><i>\u00a0&#8211;<\/i><\/td>\n<\/tr>\n<\/tbody>\n<\/table>\n<p><b><span class=\"klein\">[2]<\/span><\/b>\u00a0Die vero vna cecidit sors super paruulum vnicum matris su\u00e6, qu\u00e6 puro corde quotidie Deo seruiebat. Qu\u00e6 mater sperans in Domino, accedit &amp; illuc peruenit pr\u00e6nominatus Peregrinus, eleemosynam ei petens. Illa vero pergens ad locum panis, &amp; pane non inuento, statim ad vicinam accessit, vt panem sibi pr\u00e6staret; qu\u00e6 pr\u00e6stare noluit, &amp; se non habere iurauit.\u00a0<span class=\"rot\">[Panis in lapidem ob periurium mutatus.]<\/span>\u00a0Ille vero absque eleemosyna discessit. Inde vero ad modicum spatium mulier illa, qu\u00e6 panem illi pr\u00e6stare noluit, ad locum panis accessit, &amp; ibi inuenit\u00a0c\u00a0marmoream buccellam. Qu\u00e6 videns mulier perterrita cogitauit quod hoc factum esset propter iusiurand\u016b, &amp; pauperis petitionem; &amp; statim ad illam pergit vicinam qu\u00e6 panem pr\u00e6stare noluit, narrans ei quid sibi acciderat: sicque ambulabat per vicinas, narrans &amp; demonstrans qu\u00e6 gesta fuerant. Sed omnes stupentes &amp; pauperem qu\u00e6rentes, &amp; non inuenientes, conseruabant omnia in corde suo.<\/p>\n<p><b><span class=\"klein\">[3]<\/span><\/b>\u00a0Mane autem facto exiit draco ille, &amp; ad locum venit vbi escam accepturus erat.\u00a0<span class=\"rot\">[S. Peregrinus puer\u016b draconi obiiciendum seruat:]<\/span>\u00a0Peruenerunt ergo, qui ministrabant qu\u00e6 opus erant draconi, vt ei darent qu\u00e6 consueuerant; &amp; acceperunt puerum iam dictum, &amp; portabant draconi. Mater vt vidit filium suum ab oculis suis sublatum, cum magno clamore auxilium a Deo postulabat. Ferentes autem puerum cum nimio timore ibant. Sed gratia omnipotentis Dei, cum appropinquarent draconi, apparuit ibi senex ferens in manibus baculum, &amp; eis dixit: Date mihi puerum. Illi vero timentes dederunt ei sicut dixit. Accepto autem paruulo senex ille ibat versus draconem. Qui draco videns eum venientem, cum magno strepitu ibat vt escam acciperet. Sed postquam appropinquauit &amp; senem vidit, timuit, &amp; cum magno mugitu terram percutiebat, &amp; non audebat ad eum venire. Beatus autem Peregrinus absque timore ad eum cum paruulo pergebat, &amp; draconi porrigebat. Draco ad partem ibat vt paruulum acciperet. Sed B. Peregrinus fingens dare paruulum,\u00a0<span class=\"rot\">[draconem fugat:]<\/span>\u00a0posuit in ore eius baculum quod manu tenebat, &amp; tamdiu in gutture eius tenuit, quamdiu peruenerunt ad montem, in quo draco habitabat; &amp; ambo intrauerunt in cauernam illam, in qua ipse manebat, &amp; per foramen magn\u016b ipsum deiecit, &amp; ex illo die draco numquam visus fuit.<\/p>\n","protected":false},"excerpt":{"rendered":"<p>Saint and Dragon Date of Text Citation Text\/edition Language Translation Peregrinus and the Dragon of Caltabellotta xvi AD or before Vita S. Peregrini, pp.1153-4 AASS AASS Jan. ii pp.1153-4; BHL no. 6626 Latin \u00a0&#8211; [2]\u00a0Die vero vna cecidit sors super paruulum vnicum matris su\u00e6, qu\u00e6 puro corde quotidie Deo seruiebat. Qu\u00e6 mater sperans in Domino, [&hellip;]<\/p>\n","protected":false},"author":2351,"featured_media":0,"parent":1257,"menu_order":0,"comment_status":"closed","ping_status":"closed","template":"","meta":{"_acf_changed":false,"footnotes":""},"categories":[],"tags":[],"acf":[],"yoast_head":"<!-- This site is optimized with the Yoast SEO plugin v23.0 - https:\/\/yoast.com\/wordpress\/plugins\/seo\/ -->\n<title>Peregrinus - Ogden\u2019s Dragons\u2019 Dens<\/title>\n<meta name=\"robots\" content=\"index, follow, max-snippet:-1, max-image-preview:large, max-video-preview:-1\" \/>\n<link rel=\"canonical\" href=\"https:\/\/sites.exeter.ac.uk\/ogdens-dragonsdens\/the-hagiographical-dragon\/saints-n-p\/peregrinus\/\" \/>\n<meta property=\"og:locale\" content=\"en_US\" \/>\n<meta property=\"og:type\" content=\"article\" \/>\n<meta property=\"og:title\" content=\"Peregrinus - Ogden\u2019s Dragons\u2019 Dens\" \/>\n<meta property=\"og:description\" content=\"Saint and Dragon Date of Text Citation Text\/edition Language Translation Peregrinus and the Dragon of Caltabellotta xvi AD or before Vita S. Peregrini, pp.1153-4 AASS AASS Jan. ii pp.1153-4; BHL no. 6626 Latin \u00a0&#8211; [2]\u00a0Die vero vna cecidit sors super paruulum vnicum matris su\u00e6, qu\u00e6 puro corde quotidie Deo seruiebat. Qu\u00e6 mater sperans in Domino, [&hellip;]\" \/>\n<meta property=\"og:url\" content=\"https:\/\/sites.exeter.ac.uk\/ogdens-dragonsdens\/the-hagiographical-dragon\/saints-n-p\/peregrinus\/\" \/>\n<meta property=\"og:site_name\" content=\"Ogden\u2019s Dragons\u2019 Dens\" \/>\n<meta name=\"twitter:card\" content=\"summary_large_image\" \/>\n<meta name=\"twitter:label1\" content=\"Est. reading time\" \/>\n\t<meta name=\"twitter:data1\" content=\"2 minutes\" \/>\n<script type=\"application\/ld+json\" class=\"yoast-schema-graph\">{\"@context\":\"https:\/\/schema.org\",\"@graph\":[{\"@type\":\"WebPage\",\"@id\":\"https:\/\/sites.exeter.ac.uk\/ogdens-dragonsdens\/the-hagiographical-dragon\/saints-n-p\/peregrinus\/\",\"url\":\"https:\/\/sites.exeter.ac.uk\/ogdens-dragonsdens\/the-hagiographical-dragon\/saints-n-p\/peregrinus\/\",\"name\":\"Peregrinus - Ogden\u2019s Dragons\u2019 Dens\",\"isPartOf\":{\"@id\":\"https:\/\/sites.exeter.ac.uk\/ogdens-dragonsdens\/#website\"},\"datePublished\":\"2021-05-31T11:26:39+00:00\",\"dateModified\":\"2021-05-31T11:26:39+00:00\",\"breadcrumb\":{\"@id\":\"https:\/\/sites.exeter.ac.uk\/ogdens-dragonsdens\/the-hagiographical-dragon\/saints-n-p\/peregrinus\/#breadcrumb\"},\"inLanguage\":\"en-US\",\"potentialAction\":[{\"@type\":\"ReadAction\",\"target\":[\"https:\/\/sites.exeter.ac.uk\/ogdens-dragonsdens\/the-hagiographical-dragon\/saints-n-p\/peregrinus\/\"]}]},{\"@type\":\"BreadcrumbList\",\"@id\":\"https:\/\/sites.exeter.ac.uk\/ogdens-dragonsdens\/the-hagiographical-dragon\/saints-n-p\/peregrinus\/#breadcrumb\",\"itemListElement\":[{\"@type\":\"ListItem\",\"position\":1,\"name\":\"Home\",\"item\":\"https:\/\/sites.exeter.ac.uk\/ogdens-dragonsdens\/\"},{\"@type\":\"ListItem\",\"position\":2,\"name\":\"3. The Hagiographical Dragon\",\"item\":\"https:\/\/sites.exeter.ac.uk\/ogdens-dragonsdens\/the-hagiographical-dragon\/\"},{\"@type\":\"ListItem\",\"position\":3,\"name\":\"Saints N &#8211; P\",\"item\":\"https:\/\/sites.exeter.ac.uk\/ogdens-dragonsdens\/the-hagiographical-dragon\/saints-n-p\/\"},{\"@type\":\"ListItem\",\"position\":4,\"name\":\"Peregrinus\"}]},{\"@type\":\"WebSite\",\"@id\":\"https:\/\/sites.exeter.ac.uk\/ogdens-dragonsdens\/#website\",\"url\":\"https:\/\/sites.exeter.ac.uk\/ogdens-dragonsdens\/\",\"name\":\"Ogden\u2019s Dragons\u2019 Dens\",\"description\":\"\",\"potentialAction\":[{\"@type\":\"SearchAction\",\"target\":{\"@type\":\"EntryPoint\",\"urlTemplate\":\"https:\/\/sites.exeter.ac.uk\/ogdens-dragonsdens\/?s={search_term_string}\"},\"query-input\":\"required name=search_term_string\"}],\"inLanguage\":\"en-US\"}]}<\/script>\n<!-- \/ Yoast SEO plugin. -->","yoast_head_json":{"title":"Peregrinus - Ogden\u2019s Dragons\u2019 Dens","robots":{"index":"index","follow":"follow","max-snippet":"max-snippet:-1","max-image-preview":"max-image-preview:large","max-video-preview":"max-video-preview:-1"},"canonical":"https:\/\/sites.exeter.ac.uk\/ogdens-dragonsdens\/the-hagiographical-dragon\/saints-n-p\/peregrinus\/","og_locale":"en_US","og_type":"article","og_title":"Peregrinus - Ogden\u2019s Dragons\u2019 Dens","og_description":"Saint and Dragon Date of Text Citation Text\/edition Language Translation Peregrinus and the Dragon of Caltabellotta xvi AD or before Vita S. Peregrini, pp.1153-4 AASS AASS Jan. ii pp.1153-4; BHL no. 6626 Latin \u00a0&#8211; [2]\u00a0Die vero vna cecidit sors super paruulum vnicum matris su\u00e6, qu\u00e6 puro corde quotidie Deo seruiebat. Qu\u00e6 mater sperans in Domino, [&hellip;]","og_url":"https:\/\/sites.exeter.ac.uk\/ogdens-dragonsdens\/the-hagiographical-dragon\/saints-n-p\/peregrinus\/","og_site_name":"Ogden\u2019s Dragons\u2019 Dens","twitter_card":"summary_large_image","twitter_misc":{"Est. reading time":"2 minutes"},"schema":{"@context":"https:\/\/schema.org","@graph":[{"@type":"WebPage","@id":"https:\/\/sites.exeter.ac.uk\/ogdens-dragonsdens\/the-hagiographical-dragon\/saints-n-p\/peregrinus\/","url":"https:\/\/sites.exeter.ac.uk\/ogdens-dragonsdens\/the-hagiographical-dragon\/saints-n-p\/peregrinus\/","name":"Peregrinus - Ogden\u2019s Dragons\u2019 Dens","isPartOf":{"@id":"https:\/\/sites.exeter.ac.uk\/ogdens-dragonsdens\/#website"},"datePublished":"2021-05-31T11:26:39+00:00","dateModified":"2021-05-31T11:26:39+00:00","breadcrumb":{"@id":"https:\/\/sites.exeter.ac.uk\/ogdens-dragonsdens\/the-hagiographical-dragon\/saints-n-p\/peregrinus\/#breadcrumb"},"inLanguage":"en-US","potentialAction":[{"@type":"ReadAction","target":["https:\/\/sites.exeter.ac.uk\/ogdens-dragonsdens\/the-hagiographical-dragon\/saints-n-p\/peregrinus\/"]}]},{"@type":"BreadcrumbList","@id":"https:\/\/sites.exeter.ac.uk\/ogdens-dragonsdens\/the-hagiographical-dragon\/saints-n-p\/peregrinus\/#breadcrumb","itemListElement":[{"@type":"ListItem","position":1,"name":"Home","item":"https:\/\/sites.exeter.ac.uk\/ogdens-dragonsdens\/"},{"@type":"ListItem","position":2,"name":"3. The Hagiographical Dragon","item":"https:\/\/sites.exeter.ac.uk\/ogdens-dragonsdens\/the-hagiographical-dragon\/"},{"@type":"ListItem","position":3,"name":"Saints N &#8211; P","item":"https:\/\/sites.exeter.ac.uk\/ogdens-dragonsdens\/the-hagiographical-dragon\/saints-n-p\/"},{"@type":"ListItem","position":4,"name":"Peregrinus"}]},{"@type":"WebSite","@id":"https:\/\/sites.exeter.ac.uk\/ogdens-dragonsdens\/#website","url":"https:\/\/sites.exeter.ac.uk\/ogdens-dragonsdens\/","name":"Ogden\u2019s Dragons\u2019 Dens","description":"","potentialAction":[{"@type":"SearchAction","target":{"@type":"EntryPoint","urlTemplate":"https:\/\/sites.exeter.ac.uk\/ogdens-dragonsdens\/?s={search_term_string}"},"query-input":"required name=search_term_string"}],"inLanguage":"en-US"}]}},"jetpack_sharing_enabled":true,"_links":{"self":[{"href":"https:\/\/sites.exeter.ac.uk\/ogdens-dragonsdens\/wp-json\/wp\/v2\/pages\/1391"}],"collection":[{"href":"https:\/\/sites.exeter.ac.uk\/ogdens-dragonsdens\/wp-json\/wp\/v2\/pages"}],"about":[{"href":"https:\/\/sites.exeter.ac.uk\/ogdens-dragonsdens\/wp-json\/wp\/v2\/types\/page"}],"author":[{"embeddable":true,"href":"https:\/\/sites.exeter.ac.uk\/ogdens-dragonsdens\/wp-json\/wp\/v2\/users\/2351"}],"replies":[{"embeddable":true,"href":"https:\/\/sites.exeter.ac.uk\/ogdens-dragonsdens\/wp-json\/wp\/v2\/comments?post=1391"}],"version-history":[{"count":0,"href":"https:\/\/sites.exeter.ac.uk\/ogdens-dragonsdens\/wp-json\/wp\/v2\/pages\/1391\/revisions"}],"up":[{"embeddable":true,"href":"https:\/\/sites.exeter.ac.uk\/ogdens-dragonsdens\/wp-json\/wp\/v2\/pages\/1257"}],"wp:attachment":[{"href":"https:\/\/sites.exeter.ac.uk\/ogdens-dragonsdens\/wp-json\/wp\/v2\/media?parent=1391"}],"wp:term":[{"taxonomy":"category","embeddable":true,"href":"https:\/\/sites.exeter.ac.uk\/ogdens-dragonsdens\/wp-json\/wp\/v2\/categories?post=1391"},{"taxonomy":"post_tag","embeddable":true,"href":"https:\/\/sites.exeter.ac.uk\/ogdens-dragonsdens\/wp-json\/wp\/v2\/tags?post=1391"}],"curies":[{"name":"wp","href":"https:\/\/api.w.org\/{rel}","templated":true}]}}