{"id":3945,"date":"2025-01-27T21:42:30","date_gmt":"2025-01-27T21:42:30","guid":{"rendered":"https:\/\/sites.exeter.ac.uk\/psychedelics\/?page_id=3945"},"modified":"2025-01-27T21:42:30","modified_gmt":"2025-01-27T21:42:30","slug":"naina-eira","status":"publish","type":"page","link":"https:\/\/sites.exeter.ac.uk\/psychedelic-colloquium-archive\/naina-eira\/","title":{"rendered":"Naina Eira"},"content":{"rendered":"\n<h2 class=\"wp-block-heading\">Contributor &#8211; Speaker<\/h2>\n\n\n\n<div class=\"wp-block-columns is-layout-flex wp-container-core-columns-is-layout-1 wp-block-columns-is-layout-flex\">\n<div class=\"wp-block-column is-layout-flow wp-block-column-is-layout-flow\" style=\"flex-basis:33.33%\">\n<figure class=\"wp-block-image size-medium\"><img loading=\"lazy\" decoding=\"async\" width=\"300\" height=\"300\" src=\"https:\/\/sites.exeter.ac.uk\/psychedelic-colloquium-archive\/wp-content\/uploads\/sites\/745\/2025\/01\/274290611_10159971537363064_1342480715809930085_n-300x300.jpg\" alt=\"\" class=\"wp-image-3947\" srcset=\"https:\/\/sites.exeter.ac.uk\/psychedelic-colloquium-archive\/wp-content\/uploads\/sites\/745\/2025\/01\/274290611_10159971537363064_1342480715809930085_n-300x300.jpg 300w, https:\/\/sites.exeter.ac.uk\/psychedelic-colloquium-archive\/wp-content\/uploads\/sites\/745\/2025\/01\/274290611_10159971537363064_1342480715809930085_n-150x150.jpg 150w, https:\/\/sites.exeter.ac.uk\/psychedelic-colloquium-archive\/wp-content\/uploads\/sites\/745\/2025\/01\/274290611_10159971537363064_1342480715809930085_n-768x768.jpg 768w, https:\/\/sites.exeter.ac.uk\/psychedelic-colloquium-archive\/wp-content\/uploads\/sites\/745\/2025\/01\/274290611_10159971537363064_1342480715809930085_n.jpg 828w\" sizes=\"(max-width: 300px) 100vw, 300px\" \/><\/figure>\n<\/div>\n\n\n\n<div class=\"wp-block-column is-layout-flow wp-block-column-is-layout-flow\" style=\"flex-basis:66.66%\">\n<p>Naina is a scholar-practitioner of Buddhist Vajray\u0101na Tantra and a psychedelics and meditation researcher at the University of Exeter, supervised by Dr Peter Sj\u00f6stedt-Hughes, Dr Leor Roseman, and Professor Celia Morgan. Her research explores Mapping Unitive States\u2014profound mystical and metaphysical experiences of oneness\u2014through <em>The View<\/em> from the N\u0101land\u0101 tradition, drawing on M\u0101dhyamaka philosophy to deconstruct dualities and cultivate non-dual awareness. These states hold therapeutic potential for both meditation and psychedelic-assisted therapies. <\/p>\n\n\n\n<p>By bridging direct experience with analytical inquiry, her work highlights the transformative potential of non-dual states. She integrates phenomenology, ontological inquiry, and East-West philosophical perspectives, alongside empirical methods such as micro-phenomenology, to systematically map the subjective dimensions of these states\u2014contributing to psychedelic therapies, contemplative science, and consciousness research. Naina also developed the Ved\u0101nta course for Exeter\u2019s postgraduate Psychedelics programme, integrating ancient wisdom with modern scientific approaches.<\/p>\n\n\n\n<hr class=\"wp-block-separator has-alpha-channel-opacity\" \/>\n\n\n\n<p>Colloquium Presentation: 3:35-5pm, 7th February 2025 (G17, Mood Disorder Centre, Sir Henry Wellcome Building)<\/p>\n\n\n\n<hr class=\"wp-block-separator has-alpha-channel-opacity\" \/>\n\n\n\n<p><br><strong><strong>Mapping Unitive States<\/strong><\/strong><\/p>\n\n\n\n<p>Abstract<\/p>\n\n\n\n<p>When we think of \u2018<em>unitive states<\/em>,\u2019 visions of cosmic oneness or mystical bliss often arise. Yet beneath these poetic descriptions lie deeper questions: How do these states reshape our sense of self, and how are they cultivated\u2014culturally, cognitively, and pharmacologically?<\/p>\n\n\n\n<p>This talk explores the significance, ontology (the study of being), and transformative potential of unitive states. Drawing from the N\u0101land\u0101 tradition\u2014an ancient Buddhist university renowned for its rigorous philosophical inquiry and meditative practices\u2014these states have been systematically mapped for centuries, providing profound insights into the nature of mind and reality. Today, psychedelic research offers new pathways to access such states, presenting possibilities for healing and the dissolution of self-boundaries.<\/p>\n\n\n\n<p>By bridging contemplative traditions, Western metaphysics, and psychedelic science, this talk presents an integrative framework for understanding unitive states\u2014bringing together ancient wisdom and contemporary insights.<\/p>\n\n\n\n<p><em>The session will open with a guided meditation based on non-dual principles, offering participants a direct experience of the themes explored.<\/em><\/p>\n\n\n\n<p><\/p>\n\n\n\n<p><\/p>\n\n\n\n<h1 class=\"wp-block-heading\"><br><\/h1>\n<\/div>\n<\/div>\n\n\n\n<figure class=\"wp-block-embed is-type-video is-provider-youtube wp-block-embed-youtube wp-embed-aspect-16-9 wp-has-aspect-ratio\"><div class=\"wp-block-embed__wrapper\">\n<div class=\"embed-responsive embed-responsive-16by9\"><div class=\"iframe-container\"><iframe loading=\"lazy\" class=\"embed-responsive-item\"  title=\"Naina Gupta \u2013 Mapping Unitive States\" width=\"500\" height=\"281\" src=\"https:\/\/www.youtube.com\/embed\/wkjrzM7Ss9E?feature=oembed\" frameborder=\"0\" allow=\"accelerometer; autoplay; clipboard-write; encrypted-media; gyroscope; picture-in-picture; web-share\" referrerpolicy=\"strict-origin-when-cross-origin\" allowfullscreen><\/iframe><\/div><\/div>\n<\/div><\/figure>\n","protected":false},"excerpt":{"rendered":"<p>Contributor &#8211; Speaker Naina is a scholar-practitioner of Buddhist Vajray\u0101na Tantra and a psychedelics and meditation researcher at the University of Exeter, supervised by Dr Peter Sj\u00f6stedt-Hughes, Dr Leor Roseman, and Professor Celia Morgan. Her research explores Mapping Unitive States\u2014profound mystical and metaphysical experiences of oneness\u2014through The View from the N\u0101land\u0101 tradition, drawing on M\u0101dhyamaka [&hellip;]<\/p>\n","protected":false},"author":1,"featured_media":0,"parent":0,"menu_order":0,"comment_status":"closed","ping_status":"closed","template":"page-sidebar-boxed-feature-img.php","meta":{"_acf_changed":false,"footnotes":""},"categories":[],"tags":[],"acf":[],"yoast_head":"<!-- This site is optimized with the Yoast SEO plugin v23.0 - https:\/\/yoast.com\/wordpress\/plugins\/seo\/ -->\n<title>Naina Eira - Psychedelic Colloquium Archive<\/title>\n<meta name=\"robots\" content=\"index, follow, max-snippet:-1, max-image-preview:large, max-video-preview:-1\" \/>\n<link rel=\"canonical\" href=\"https:\/\/sites.exeter.ac.uk\/psychedelic-colloquium-archive\/naina-eira\/\" \/>\n<meta property=\"og:locale\" content=\"en_US\" \/>\n<meta property=\"og:type\" content=\"article\" \/>\n<meta property=\"og:title\" content=\"Naina Eira - Psychedelic Colloquium Archive\" \/>\n<meta property=\"og:description\" content=\"Contributor &#8211; Speaker Naina is a scholar-practitioner of Buddhist Vajray\u0101na Tantra and a psychedelics and meditation researcher at the University of Exeter, supervised by Dr Peter Sj\u00f6stedt-Hughes, Dr Leor Roseman, and Professor Celia Morgan. Her research explores Mapping Unitive States\u2014profound mystical and metaphysical experiences of oneness\u2014through The View from the N\u0101land\u0101 tradition, drawing on M\u0101dhyamaka [&hellip;]\" \/>\n<meta property=\"og:url\" content=\"https:\/\/sites.exeter.ac.uk\/psychedelic-colloquium-archive\/naina-eira\/\" \/>\n<meta property=\"og:site_name\" content=\"Psychedelic Colloquium Archive\" \/>\n<meta property=\"og:image\" content=\"https:\/\/sites.exeter.ac.uk\/psychedelic-colloquium-archive\/wp-content\/uploads\/sites\/745\/2025\/01\/274290611_10159971537363064_1342480715809930085_n-300x300.jpg\" \/>\n<meta name=\"twitter:card\" content=\"summary_large_image\" \/>\n<meta name=\"twitter:label1\" content=\"Est. reading time\" \/>\n\t<meta name=\"twitter:data1\" content=\"2 minutes\" \/>\n<script type=\"application\/ld+json\" class=\"yoast-schema-graph\">{\"@context\":\"https:\/\/schema.org\",\"@graph\":[{\"@type\":\"WebPage\",\"@id\":\"https:\/\/sites.exeter.ac.uk\/psychedelic-colloquium-archive\/naina-eira\/\",\"url\":\"https:\/\/sites.exeter.ac.uk\/psychedelic-colloquium-archive\/naina-eira\/\",\"name\":\"Naina Eira - Psychedelic Colloquium Archive\",\"isPartOf\":{\"@id\":\"https:\/\/sites.exeter.ac.uk\/psychedelic-colloquium-archive\/#website\"},\"primaryImageOfPage\":{\"@id\":\"https:\/\/sites.exeter.ac.uk\/psychedelic-colloquium-archive\/naina-eira\/#primaryimage\"},\"image\":{\"@id\":\"https:\/\/sites.exeter.ac.uk\/psychedelic-colloquium-archive\/naina-eira\/#primaryimage\"},\"thumbnailUrl\":\"https:\/\/sites.exeter.ac.uk\/psychedelic-colloquium-archive\/wp-content\/uploads\/sites\/745\/2025\/01\/274290611_10159971537363064_1342480715809930085_n-300x300.jpg\",\"datePublished\":\"2025-01-27T21:42:30+00:00\",\"dateModified\":\"2025-01-27T21:42:30+00:00\",\"breadcrumb\":{\"@id\":\"https:\/\/sites.exeter.ac.uk\/psychedelic-colloquium-archive\/naina-eira\/#breadcrumb\"},\"inLanguage\":\"en-US\",\"potentialAction\":[{\"@type\":\"ReadAction\",\"target\":[\"https:\/\/sites.exeter.ac.uk\/psychedelic-colloquium-archive\/naina-eira\/\"]}]},{\"@type\":\"ImageObject\",\"inLanguage\":\"en-US\",\"@id\":\"https:\/\/sites.exeter.ac.uk\/psychedelic-colloquium-archive\/naina-eira\/#primaryimage\",\"url\":\"https:\/\/sites.exeter.ac.uk\/psychedelic-colloquium-archive\/wp-content\/uploads\/sites\/745\/2025\/01\/274290611_10159971537363064_1342480715809930085_n.jpg\",\"contentUrl\":\"https:\/\/sites.exeter.ac.uk\/psychedelic-colloquium-archive\/wp-content\/uploads\/sites\/745\/2025\/01\/274290611_10159971537363064_1342480715809930085_n.jpg\",\"width\":828,\"height\":828},{\"@type\":\"BreadcrumbList\",\"@id\":\"https:\/\/sites.exeter.ac.uk\/psychedelic-colloquium-archive\/naina-eira\/#breadcrumb\",\"itemListElement\":[{\"@type\":\"ListItem\",\"position\":1,\"name\":\"Home\",\"item\":\"https:\/\/sites.exeter.ac.uk\/psychedelic-colloquium-archive\/\"},{\"@type\":\"ListItem\",\"position\":2,\"name\":\"Naina Eira\"}]},{\"@type\":\"WebSite\",\"@id\":\"https:\/\/sites.exeter.ac.uk\/psychedelic-colloquium-archive\/#website\",\"url\":\"https:\/\/sites.exeter.ac.uk\/psychedelic-colloquium-archive\/\",\"name\":\"Psychedelic Colloquium Archive\",\"description\":\"\",\"potentialAction\":[{\"@type\":\"SearchAction\",\"target\":{\"@type\":\"EntryPoint\",\"urlTemplate\":\"https:\/\/sites.exeter.ac.uk\/psychedelic-colloquium-archive\/?s={search_term_string}\"},\"query-input\":\"required name=search_term_string\"}],\"inLanguage\":\"en-US\"}]}<\/script>\n<!-- \/ Yoast SEO plugin. -->","yoast_head_json":{"title":"Naina Eira - Psychedelic Colloquium Archive","robots":{"index":"index","follow":"follow","max-snippet":"max-snippet:-1","max-image-preview":"max-image-preview:large","max-video-preview":"max-video-preview:-1"},"canonical":"https:\/\/sites.exeter.ac.uk\/psychedelic-colloquium-archive\/naina-eira\/","og_locale":"en_US","og_type":"article","og_title":"Naina Eira - Psychedelic Colloquium Archive","og_description":"Contributor &#8211; Speaker Naina is a scholar-practitioner of Buddhist Vajray\u0101na Tantra and a psychedelics and meditation researcher at the University of Exeter, supervised by Dr Peter Sj\u00f6stedt-Hughes, Dr Leor Roseman, and Professor Celia Morgan. Her research explores Mapping Unitive States\u2014profound mystical and metaphysical experiences of oneness\u2014through The View from the N\u0101land\u0101 tradition, drawing on M\u0101dhyamaka [&hellip;]","og_url":"https:\/\/sites.exeter.ac.uk\/psychedelic-colloquium-archive\/naina-eira\/","og_site_name":"Psychedelic Colloquium Archive","og_image":[{"url":"https:\/\/sites.exeter.ac.uk\/psychedelic-colloquium-archive\/wp-content\/uploads\/sites\/745\/2025\/01\/274290611_10159971537363064_1342480715809930085_n-300x300.jpg"}],"twitter_card":"summary_large_image","twitter_misc":{"Est. reading time":"2 minutes"},"schema":{"@context":"https:\/\/schema.org","@graph":[{"@type":"WebPage","@id":"https:\/\/sites.exeter.ac.uk\/psychedelic-colloquium-archive\/naina-eira\/","url":"https:\/\/sites.exeter.ac.uk\/psychedelic-colloquium-archive\/naina-eira\/","name":"Naina Eira - Psychedelic Colloquium Archive","isPartOf":{"@id":"https:\/\/sites.exeter.ac.uk\/psychedelic-colloquium-archive\/#website"},"primaryImageOfPage":{"@id":"https:\/\/sites.exeter.ac.uk\/psychedelic-colloquium-archive\/naina-eira\/#primaryimage"},"image":{"@id":"https:\/\/sites.exeter.ac.uk\/psychedelic-colloquium-archive\/naina-eira\/#primaryimage"},"thumbnailUrl":"https:\/\/sites.exeter.ac.uk\/psychedelic-colloquium-archive\/wp-content\/uploads\/sites\/745\/2025\/01\/274290611_10159971537363064_1342480715809930085_n-300x300.jpg","datePublished":"2025-01-27T21:42:30+00:00","dateModified":"2025-01-27T21:42:30+00:00","breadcrumb":{"@id":"https:\/\/sites.exeter.ac.uk\/psychedelic-colloquium-archive\/naina-eira\/#breadcrumb"},"inLanguage":"en-US","potentialAction":[{"@type":"ReadAction","target":["https:\/\/sites.exeter.ac.uk\/psychedelic-colloquium-archive\/naina-eira\/"]}]},{"@type":"ImageObject","inLanguage":"en-US","@id":"https:\/\/sites.exeter.ac.uk\/psychedelic-colloquium-archive\/naina-eira\/#primaryimage","url":"https:\/\/sites.exeter.ac.uk\/psychedelic-colloquium-archive\/wp-content\/uploads\/sites\/745\/2025\/01\/274290611_10159971537363064_1342480715809930085_n.jpg","contentUrl":"https:\/\/sites.exeter.ac.uk\/psychedelic-colloquium-archive\/wp-content\/uploads\/sites\/745\/2025\/01\/274290611_10159971537363064_1342480715809930085_n.jpg","width":828,"height":828},{"@type":"BreadcrumbList","@id":"https:\/\/sites.exeter.ac.uk\/psychedelic-colloquium-archive\/naina-eira\/#breadcrumb","itemListElement":[{"@type":"ListItem","position":1,"name":"Home","item":"https:\/\/sites.exeter.ac.uk\/psychedelic-colloquium-archive\/"},{"@type":"ListItem","position":2,"name":"Naina Eira"}]},{"@type":"WebSite","@id":"https:\/\/sites.exeter.ac.uk\/psychedelic-colloquium-archive\/#website","url":"https:\/\/sites.exeter.ac.uk\/psychedelic-colloquium-archive\/","name":"Psychedelic Colloquium Archive","description":"","potentialAction":[{"@type":"SearchAction","target":{"@type":"EntryPoint","urlTemplate":"https:\/\/sites.exeter.ac.uk\/psychedelic-colloquium-archive\/?s={search_term_string}"},"query-input":"required name=search_term_string"}],"inLanguage":"en-US"}]}},"_links":{"self":[{"href":"https:\/\/sites.exeter.ac.uk\/psychedelic-colloquium-archive\/wp-json\/wp\/v2\/pages\/3945"}],"collection":[{"href":"https:\/\/sites.exeter.ac.uk\/psychedelic-colloquium-archive\/wp-json\/wp\/v2\/pages"}],"about":[{"href":"https:\/\/sites.exeter.ac.uk\/psychedelic-colloquium-archive\/wp-json\/wp\/v2\/types\/page"}],"author":[{"embeddable":true,"href":"https:\/\/sites.exeter.ac.uk\/psychedelic-colloquium-archive\/wp-json\/wp\/v2\/users\/1"}],"replies":[{"embeddable":true,"href":"https:\/\/sites.exeter.ac.uk\/psychedelic-colloquium-archive\/wp-json\/wp\/v2\/comments?post=3945"}],"version-history":[{"count":0,"href":"https:\/\/sites.exeter.ac.uk\/psychedelic-colloquium-archive\/wp-json\/wp\/v2\/pages\/3945\/revisions"}],"wp:attachment":[{"href":"https:\/\/sites.exeter.ac.uk\/psychedelic-colloquium-archive\/wp-json\/wp\/v2\/media?parent=3945"}],"wp:term":[{"taxonomy":"category","embeddable":true,"href":"https:\/\/sites.exeter.ac.uk\/psychedelic-colloquium-archive\/wp-json\/wp\/v2\/categories?post=3945"},{"taxonomy":"post_tag","embeddable":true,"href":"https:\/\/sites.exeter.ac.uk\/psychedelic-colloquium-archive\/wp-json\/wp\/v2\/tags?post=3945"}],"curies":[{"name":"wp","href":"https:\/\/api.w.org\/{rel}","templated":true}]}}